t is the units digit of z?
9
Let d(r) = -2*r**2 + 13*r. Suppose -4*t + 32 = 4*k, 4*k + 21 = -3*t + 51. Let s be d(k). Suppose -s*f + 7*f = 136. What is the units digit of f?
6
Let w(g) = 3*g + 31. Let u be w(-11). Let f be (-3 - 1 - u) + -1. What is the tens digit of ((-324)/f)/4*9/3?
8
Let o(m) be the second derivative of -m**5/20 + 5*m**4/6 - 2*m**2 + 101*m. Suppose -2*t + 5*j + 4 = j, 4*t = 5*j + 17. What is the tens digit of o(t)?
2
Let z = -53 - -53. Suppose -6*q = -z*q - 2556. What is the hundreds digit of q?
4
Suppose 203*q = 246*q - 56760. What is the tens digit of q?
2
Let m(h) = h**3 + 12*h**2 + 7*h + 61. Let s be 144/(-240) + (-47)/5. What is the hundreds digit of m(s)?
1
What is the tens digit of (-26)/(-2) - (-3 - 8520)?
3
Let m(u) be the third derivative of u**5/12 + 5*u**4/24 - 7*u**3/6 - 7*u**2. Let v be m(-4). Let b = v - 16. What is the units digit of b?
7
Let n(f) = -f**3 + 8*f**2 - 8*f - 21. Let m be n(6). What is the units digit of ((-11)/(-11)*3)/(m/577)?
7
Let o(x) = 4*x**2 + 34*x + 125. What is the thousands digit of o(-45)?
6
Let v be 39/4 + (-2)/(-8). Suppose v = 4*b + b. Suppose b*i - 3*i + 89 = 0. What is the units digit of i?
9
Suppose 2 = 3*r - 5*i + 51, 0 = -r - 4*i - 39. Let z = r - -80. What is the units digit of z?
7
Suppose 290408 = -78*f + 108*f - 673012. What is the ten thousands digit of f?
3
Let k(a) = 155*a + 62. Let c be k(-5). Let m = c - -1214. What is the hundreds digit of m?
5
Let c = -1625 - -1967. What is the units digit of c?
2
Let l(f) = 15*f + 232. Let y be l(10). Suppose 4344 = 386*p - y*p. What is the hundreds digit of p?
0
Suppose -6*m = -807 - 1809. Let l = -177 + m. What is the hundreds digit of l?
2
Suppose 4 = -4*z + 2*y - 0*y, -3*y + 6 = z. Let b(o) = z*o**2 - 11 + 0*o**2 + 0*o**2 - 14*o + 4*o**2. What is the hundreds digit of b(9)?
1
Let x(h) = -2*h**2 + 21*h + 11. Let z be x(11). Suppose z = -u + 196 + 139. What is the tens digit of u?
3
Let x be (2/10 - -1)/(54/135). Suppose -x*w + 1011 = -39. What is the units digit of w?
0
Let j(g) = 15*g - 3. Let i be j(1). Suppose -d + i = 8. Suppose -d*m + 616 = -5*o + o, -2*o = -5*m + 785. What is the tens digit of m?
5
Let z(h) = -117*h + 15. Let d be z(-1). Suppose 0 = o - 2*n - 209, 4*o - 429 = 4*n + 399. Let x = o - d. What is the tens digit of x?
7
Let r be ((-133)/(-133))/(2/(-10)*-1). Suppose -r*o - 29 = -1469. What is the units digit of o?
8
Suppose 3*r = -10*p + 38071, -6*p - 50798 = -4*r - p. What is the ten thousands digit of r?
1
Let u(i) = -7*i**2 - i**3 + 19*i + 15*i - 15 + i**2 - 20*i. Let f be u(-8). What is the units digit of (-3 - (-3 + f)) + 18?
7
Suppose -2*p - 2*s - 4 = 0, 5*s + 22 = p - 2*p. Suppose -p*d - 10 = -8*d. What is the units digit of d/(-4)*1*-138?
9
Suppose 2*l + 4*l - 210 = 0. Let y = l + -34. What is the tens digit of ((-114)/9)/(y/(-3))?
3
Let l(h) = -h**3 - 8*h**2 + 14*h + 19. Let a be l(-9). Let z = 1 - a. Suppose 25*s = z*s - 2. What is the units digit of s?
1
Suppose -11*w = -12665 - 90163. What is the hundreds digit of w?
3
Suppose 5*c - 5*z - 21 - 9 = 0, 4*c + 2*z + 6 = 0. Suppose 0 = s - 4 - c. Suppose f + 1 = s. What is the units digit of f?
4
Let h(m) = -91*m - 14. Let k be h(-2). Let d = 134 + k. What is the units digit of d?
2
Let l be 11/(-44) + 9/(-12). What is the hundreds digit of 35 + -43 - 336/l?
3
Suppose 27*k - 110981 = 108907. What is the hundreds digit of k?
1
Suppose r - 5*o - 160 = 0, -5*r + 800 = -7*o + 5*o. Suppose 5*m + r = 4*f - 9*f, 5*f - m = -166. What is the tens digit of 88/f*(-66)/8?
2
Suppose -2*i - 28265 = -2*k + 33243, 3*k = -i + 92234. What is the units digit of k?
7
Let d = 72388 + -50073. What is the tens digit of d?
1
Suppose -s - 14 = -23. Let n be (s/(-6))/(6/16). What is the units digit of 90 - (n/(-2) - 0/1)?
8
Let j = -74287 - -107299. What is the hundreds digit of j?
0
Let z(s) = 46*s**2 + 17*s - 36. What is the units digit of z(12)?
2
Let s(w) = -w**3 + 14*w**2 - 13*w + 15. Let j(h) = -3*h**3 + 42*h**2 - 39*h + 44. Let v(p) = -2*j(p) + 7*s(p). What is the units digit of v(10)?
7
Let x(l) = l**3 + 8*l**2 - 10*l - 1. Let r be x(-9). Let c be 0/(-1)*r/16. Suppose c = -2*d - 6, -2*d = f - 14 - 5. What is the tens digit of f?
2
Let j = 744 - 806. What is the thousands digit of (-31)/j - (-1 - (-6309)/(-6))?
1
Suppose -11 = -3*y - 2*a, 23*y + 3*a + 8 = 22*y. Suppose -3*s + y*s - 4860 = 0. What is the hundreds digit of s?
2
Suppose 2*g - r + 8 = 0, r = 8 - 12. Let h(x) = -6*x + 102. What is the hundreds digit of h(g)?
1
Let v = 848 + -516. Suppose -475*k - v = -479*k. What is the tens digit of k?
8
Let w = 20067 + -13490. What is the hundreds digit of w?
5
Suppose d - 5*n = 2*d - 503, -4*d = 3*n - 1995. Let x be 3/(-2*15/(-940)). Suppose 97*f = x*f + d. What is the hundreds digit of f?
1
Let t = 11278 + -5623. Suppose 5*i + 390 = t. What is the thousands digit of i?
1
Suppose -36293 = -12*u + 24775. What is the thousands digit of u?
5
Let z(d) be the second derivative of -155*d**3/3 - 3*d**2/2 - 32*d. What is the hundreds digit of z(-1)?
3
Let j(y) = -7*y**2 + 1 + 8*y**2 - y + 10*y**2. Let f = -1128 + 1129. What is the tens digit of j(f)?
1
Let w be (3 - 1)*(-76)/8. Suppose -3*c = 3*m - 150, 4*m - 3*c = 2*m + 105. Let g = m - w. What is the tens digit of g?
7
Suppose 1029*t - 325856 = 997*t. What is the ten thousands digit of t?
1
Let k(p) = -44*p + 2*p**3 - 39*p**2 - 3*p**3 - 3*p**3 + 13*p**2 + 46 + 3*p**3. What is the units digit of k(-25)?
1
Let c(r) = -r. Let x be c(-2). Suppose 208 = 4*m - x*m. Let k = m - 53. What is the tens digit of k?
5
Let b(c) = c**2 + 9*c + 4. Let i be b(-6). Suppose 6*a = 18*a + 1128. Let x = i - a. What is the units digit of x?
0
Suppose 11486 = -13*h + 73808. What is the hundreds digit of h?
7
Let w = -43 + 47. Suppose -w*x + 8*x + 168 = 0. What is the tens digit of (36/x)/(2/(-56))?
2
Let j(d) = d**3 + 9*d**2 + 13*d + 9. Suppose 4*y = 5*y + 9. Let c be j(y). Let p = c + 309. What is the tens digit of p?
0
Let g(l) = 3*l - 7. Let t be g(2). Let u be (-1 + 1)/(0 + t). Suppose -2*s + 0*s + 88 = u. What is the units digit of s?
4
Suppose -4396 = -10*k + 8*k. Let m = k - 1156. What is the tens digit of m?
4
Let j(h) = -80*h - 138. Let v be j(-19). Suppose -4*d + 1790 = -v. What is the tens digit of d?
9
Let p(g) = 8*g**3 + g**2 + 8*g + 4. Let x be p(-3). Let i = 104 + x. Let q = 224 + i. What is the tens digit of q?
0
Let u(o) = 65*o**2 + 103*o - 66. What is the hundreds digit of u(-12)?
0
Let b(q) = 18*q**2 + 63*q + 7. What is the units digit of b(-36)?
7
Let d(a) = a**3 + 8*a**2 - a - 10. Let c(o) = -o**2 - 2*o. Let h be c(2). Let b be d(h). What is the tens digit of 7 - 10 - 154/b?
7
Let i = 230 - 103. Let l = i - -25. What is the hundreds digit of l?
1
Let w(m) = 2*m**3 + 12*m + 8610. What is the tens digit of w(0)?
1
Suppose -57*o - 158*o = -27*o - 870628. What is the hundreds digit of o?
6
Suppose 320*x + 20608 = 327*x. What is the thousands digit of x?
2
What is the thousands digit of 1948/(21 + -23)*-2?
1
Suppose -3*k = -6, -k + 1100 = -5*s + 7*s. Let n = -525 + s. What is the units digit of n?
4
Suppose 0 = 14*d + 11*d - 43550. Let u = d + -383. What is the tens digit of u?
5
Let w(h) be the third derivative of -1/120*h**6 + 1/2*h**4 - 16*h**2 - 5*h**3 + 0 + 0*h + 19/60*h**5. What is the tens digit of w(19)?
9
Suppose -5*b = 3*k + 270, 22*k - 216 = 4*b + 24*k. What is the hundreds digit of (-9783)/(-39) + b/(-351)?
2
Let n = -3740 - -48291. What is the tens digit of n?
5
Let f(h) = h + 3. Let c be f(-3). Let o = 133 - 132. Let l = c + o. What is the units digit of l?
1
Let g(c) = -987*c + 568. What is the tens digit of g(-11)?
2
Suppose 3*s - 40 = -5*s. Let x be (1 - s) + (0 - -1). What is the hundreds digit of x - (-92)/28 - 2180/(-14)?
1
Let x be (10/4)/(451/44 + -10). Let u be 4*(9/3 + 29). Suppose x*a - 12*a = -u. What is the units digit of a?
4
What is the tens digit of -113685*(7 + (-222)/30)?
7
Suppose -439*o = -589*o + 1138950. What is the tens digit of o?
9
Let k = -56 - -66. Suppose 5*u + 0*u - k = 0. Suppose 4*v - 142 = 2*t, u*v - 19 = 2*t + 57. What is the tens digit of v?
3
Let t(c) = 17*c**2 - 141 - 31*c + 133 + c**3 + 8*c. What is the tens digit of t(-18)?
8
Let t(r) be the first derivative of 65*r**2/2 + 4*r - 17.